{"id":1508,"date":"2023-03-19T19:50:10","date_gmt":"2023-03-19T19:50:10","guid":{"rendered":"https:\/\/imefilmfest.com\/international-migration-&#038;-environmental-film-festival\/?page_id=1508"},"modified":"2023-03-21T05:13:33","modified_gmt":"2023-03-21T05:13:33","slug":"on-the-ridges-of-solidarity","status":"publish","type":"page","link":"https:\/\/imefilmfest.com\/international-migration-&-environmental-film-festival\/on-the-ridges-of-solidarity\/","title":{"rendered":"On The Ridges Of Solidarity"},"content":{"rendered":"\n<h5 class=\"wp-block-heading\">Directed by<\/h5>\n\n\n\n<p>Nora Fontaine, Florent Chardonnal<\/p>\n\n\n\n<h5 class=\"wp-block-heading\">Country of Origin<\/h5>\n\n\n\n<p>France<\/p>\n\n\n\n<h5 class=\"wp-block-heading\">Runtime<\/h5>\n\n\n\n<p>30:00<\/p>\n\n\n\n<h5 class=\"wp-block-heading\">Category<\/h5>\n\n\n\n<p><a href=\"javascript:void(0);\"><\/a>Documentary<\/p>\n\n\n\n<p><\/p>\n\n\n\n<p>Justin arrived in France from Cameroun in 2018 by crossing the Alps to Brian\u00e7on. Rescued by locals, he bonded with these mountains a deep attachment. There he met Rachel, a mountain guide in the region. Together, they explore these peaks, the hopes and fears they arise in them, tell the story of this abrupt border, its violence and its surges of humanity.<\/p>\n\n\n\n<p><strong>Director Biography &#8211;\u00a0Nora Fontaine, Florent Chardonnal<\/strong><\/p>\n\n\n\n<figure class=\"wp-block-image size-full is-resized\"><img fetchpriority=\"high\" decoding=\"async\" src=\"data:image\/gif;base64,R0lGODlhAQABAAAAACH5BAEKAAEALAAAAAABAAEAAAICTAEAOw==\" data-layzr=\"https:\/\/imefilmfest.com\/wp-content\/uploads\/2023\/03\/Nora-Fontaine-Florent-Chardonnal-headshot.jpeg\" alt=\"\" class=\"wp-image-1899\" width=\"341\" height=\"454\"\/><\/figure>\n\n\n\n<p>Nora is passionate about cinematography, she works as a camera assistant after studying in the image section at INSAS (Institut Sup\u00e9rieur des Arts, Brussels). She works on many other artistic and cinematographic projects. She is very sensitive to the cause of defending the rights of exiled people, and is involved with several associations in Paris where she has accompanied asylum seekers for several years.<br>Florent works for an NGO and is particularly involved in issues of social justice and access to energy. He made a first film in the form of a travelogue called &#8220;Pamirstan&#8221;. He spends a lot of time in the mountains and particularly in the region on Brian\u00e7on. In 2017, he is strongly marked by these men and women who find themselves forced to cross the elusive cross-border line between Italy and France materialized by the High Alps, taking enormous risks.<\/p>\n\n\n\n<p>Nora est passionn\u00e9e d\u2019image, elle travaille dans le cin\u00e9ma en tant qu\u2019assistante cam\u00e9ra apr\u00e8s une formation en image \u00e0 l\u2019INSAS (Institut Sup\u00e9rieur des Arts). Elle travaille sur de nombreux autres projets artistiques et cin\u00e9matographiques. Elle est tr\u00e8s sensible \u00e0 la cause de la d\u00e9fense des droits des personnes exil\u00e9es, et est engag\u00e9e aupr\u00e8s de plusieurs associations \u00e0 Paris o\u00f9 elle accompagne depuis plusieurs ann\u00e9es des demandeurs d\u2019Asile \u00e0 Paris.<br>Florent travaille en ONG et est particuli\u00e8rement engag\u00e9 sur les questions de justice sociale et d&#8217;acc\u00e8s \u00e0 l\u2019\u00e9nergie. Il a r\u00e9alis\u00e9 un premier film sous forme de r\u00e9cit de voyage qui se nomme &#8220;Pamirstan&#8221;. Il passe beaucoup de temps en montagne et particuli\u00e8rement dans le Brian\u00e7onnais. En 2017, il est fortement marqu\u00e9 par ces hommes et ces femmes qui se retrouvent contraint.e.s de franchir, en prenant d&#8217;\u00e9normes risques, l\u2019insaisissable ligne transfrontali\u00e8re entre l\u2019Italie et la France mat\u00e9rialis\u00e9e par les Hautes Alpes.<\/p>\n","protected":false},"excerpt":{"rendered":"<p>Directed by Nora Fontaine, Florent Chardonnal Country of Origin France Runtime 30:00 Category Documentary Justin arrived in France from Cameroun in 2018 by crossing the Alps to Brian\u00e7on. Rescued by locals, he bonded with these mountains a deep attachment. There he met Rachel, a mountain guide in the region. Together, they explore these peaks, the &hellip; <\/p>\n","protected":false},"author":1,"featured_media":1211,"parent":0,"menu_order":0,"comment_status":"closed","ping_status":"closed","template":"","meta":{"pgc_sgb_lightbox_settings":"","footnotes":""},"class_list":["post-1508","page","type-page","status-publish","has-post-thumbnail","hentry","latest_post"],"yoast_head":"<!-- This site is optimized with the Yoast SEO plugin v23.1 - https:\/\/yoast.com\/wordpress\/plugins\/seo\/ -->\n<title>On The Ridges Of Solidarity - International Migration &amp; Environmental Film Festival<\/title>\n<meta name=\"robots\" content=\"index, follow, max-snippet:-1, max-image-preview:large, max-video-preview:-1\" \/>\n<link rel=\"canonical\" href=\"https:\/\/imefilmfest.com\/international-migration-&-environmental-film-festival\/on-the-ridges-of-solidarity\/\" \/>\n<meta property=\"og:locale\" content=\"en_US\" \/>\n<meta property=\"og:type\" content=\"article\" \/>\n<meta property=\"og:title\" content=\"On The Ridges Of Solidarity - International Migration &amp; Environmental Film Festival\" \/>\n<meta property=\"og:description\" content=\"Directed by Nora Fontaine, Florent Chardonnal Country of Origin France Runtime 30:00 Category Documentary Justin arrived in France from Cameroun in 2018 by crossing the Alps to Brian\u00e7on. Rescued by locals, he bonded with these mountains a deep attachment. There he met Rachel, a mountain guide in the region. Together, they explore these peaks, the &hellip;\" \/>\n<meta property=\"og:url\" content=\"https:\/\/imefilmfest.com\/international-migration-&amp;-environmental-film-festival\/on-the-ridges-of-solidarity\/\" \/>\n<meta property=\"og:site_name\" content=\"International Migration &amp; Environmental Film Festival\" \/>\n<meta property=\"article:publisher\" content=\"https:\/\/m.facebook.com\/imefilmfest\/\" \/>\n<meta property=\"article:modified_time\" content=\"2023-03-21T05:13:33+00:00\" \/>\n<meta property=\"og:image\" content=\"https:\/\/imefilmfest.com\/wp-content\/uploads\/2023\/03\/On-The-Ridges-Of-Solidarity-1.jpeg\" \/>\n\t<meta property=\"og:image:width\" content=\"566\" \/>\n\t<meta property=\"og:image:height\" content=\"800\" \/>\n\t<meta property=\"og:image:type\" content=\"image\/jpeg\" \/>\n<meta name=\"twitter:card\" content=\"summary_large_image\" \/>\n<meta name=\"twitter:label1\" content=\"Est. reading time\" \/>\n\t<meta name=\"twitter:data1\" content=\"2 minutes\" \/>\n<script type=\"application\/ld+json\" class=\"yoast-schema-graph\">{\"@context\":\"https:\/\/schema.org\",\"@graph\":[{\"@type\":\"WebPage\",\"@id\":\"https:\/\/imefilmfest.com\/international-migration-&-environmental-film-festival\/on-the-ridges-of-solidarity\/\",\"url\":\"https:\/\/imefilmfest.com\/international-migration-&-environmental-film-festival\/on-the-ridges-of-solidarity\/\",\"name\":\"On The Ridges Of Solidarity - International Migration &amp; Environmental Film Festival\",\"isPartOf\":{\"@id\":\"https:\/\/imefilmfest.com\/international-migration-&-environmental-film-festival\/#website\"},\"primaryImageOfPage\":{\"@id\":\"https:\/\/imefilmfest.com\/international-migration-&-environmental-film-festival\/on-the-ridges-of-solidarity\/#primaryimage\"},\"image\":{\"@id\":\"https:\/\/imefilmfest.com\/international-migration-&-environmental-film-festival\/on-the-ridges-of-solidarity\/#primaryimage\"},\"thumbnailUrl\":\"https:\/\/imefilmfest.com\/wp-content\/uploads\/2023\/03\/On-The-Ridges-Of-Solidarity-1.jpeg\",\"datePublished\":\"2023-03-19T19:50:10+00:00\",\"dateModified\":\"2023-03-21T05:13:33+00:00\",\"breadcrumb\":{\"@id\":\"https:\/\/imefilmfest.com\/international-migration-&-environmental-film-festival\/on-the-ridges-of-solidarity\/#breadcrumb\"},\"inLanguage\":\"en-US\",\"potentialAction\":[{\"@type\":\"ReadAction\",\"target\":[\"https:\/\/imefilmfest.com\/international-migration-&-environmental-film-festival\/on-the-ridges-of-solidarity\/\"]}]},{\"@type\":\"ImageObject\",\"inLanguage\":\"en-US\",\"@id\":\"https:\/\/imefilmfest.com\/international-migration-&-environmental-film-festival\/on-the-ridges-of-solidarity\/#primaryimage\",\"url\":\"https:\/\/imefilmfest.com\/wp-content\/uploads\/2023\/03\/On-The-Ridges-Of-Solidarity-1.jpeg\",\"contentUrl\":\"https:\/\/imefilmfest.com\/wp-content\/uploads\/2023\/03\/On-The-Ridges-Of-Solidarity-1.jpeg\",\"width\":566,\"height\":800},{\"@type\":\"BreadcrumbList\",\"@id\":\"https:\/\/imefilmfest.com\/international-migration-&-environmental-film-festival\/on-the-ridges-of-solidarity\/#breadcrumb\",\"itemListElement\":[{\"@type\":\"ListItem\",\"position\":1,\"name\":\"Home\",\"item\":\"https:\/\/imefilmfest.com\/international-migration-&-environmental-film-festival\/home\/\"},{\"@type\":\"ListItem\",\"position\":2,\"name\":\"On The Ridges Of Solidarity\"}]},{\"@type\":\"WebSite\",\"@id\":\"https:\/\/imefilmfest.com\/international-migration-&-environmental-film-festival\/#website\",\"url\":\"https:\/\/imefilmfest.com\/international-migration-&-environmental-film-festival\/\",\"name\":\"International Migration & Environmental Film Festival\",\"description\":\"North America&#039;s Largest Film Festival on Migration and Environment Sustainability\",\"publisher\":{\"@id\":\"https:\/\/imefilmfest.com\/international-migration-&-environmental-film-festival\/#organization\"},\"potentialAction\":[{\"@type\":\"SearchAction\",\"target\":{\"@type\":\"EntryPoint\",\"urlTemplate\":\"https:\/\/imefilmfest.com\/international-migration-&-environmental-film-festival\/?s={search_term_string}\"},\"query-input\":\"required name=search_term_string\"}],\"inLanguage\":\"en-US\"},{\"@type\":\"Organization\",\"@id\":\"https:\/\/imefilmfest.com\/international-migration-&-environmental-film-festival\/#organization\",\"name\":\"International Migration & Environmental Film Festival\",\"url\":\"https:\/\/imefilmfest.com\/international-migration-&-environmental-film-festival\/\",\"logo\":{\"@type\":\"ImageObject\",\"inLanguage\":\"en-US\",\"@id\":\"https:\/\/imefilmfest.com\/international-migration-&-environmental-film-festival\/#\/schema\/logo\/image\/\",\"url\":\"https:\/\/imefilmfest.com\/wp-content\/uploads\/2021\/09\/IMEFF-i-1-scaled.jpg\",\"contentUrl\":\"https:\/\/imefilmfest.com\/wp-content\/uploads\/2021\/09\/IMEFF-i-1-scaled.jpg\",\"width\":2560,\"height\":2560,\"caption\":\"International Migration & Environmental Film Festival\"},\"image\":{\"@id\":\"https:\/\/imefilmfest.com\/international-migration-&-environmental-film-festival\/#\/schema\/logo\/image\/\"},\"sameAs\":[\"https:\/\/m.facebook.com\/imefilmfest\/\"]}]}<\/script>\n<!-- \/ Yoast SEO plugin. -->","yoast_head_json":{"title":"On The Ridges Of Solidarity - International Migration &amp; Environmental Film Festival","robots":{"index":"index","follow":"follow","max-snippet":"max-snippet:-1","max-image-preview":"max-image-preview:large","max-video-preview":"max-video-preview:-1"},"canonical":"https:\/\/imefilmfest.com\/international-migration-&-environmental-film-festival\/on-the-ridges-of-solidarity\/","og_locale":"en_US","og_type":"article","og_title":"On The Ridges Of Solidarity - International Migration &amp; Environmental Film Festival","og_description":"Directed by Nora Fontaine, Florent Chardonnal Country of Origin France Runtime 30:00 Category Documentary Justin arrived in France from Cameroun in 2018 by crossing the Alps to Brian\u00e7on. Rescued by locals, he bonded with these mountains a deep attachment. There he met Rachel, a mountain guide in the region. Together, they explore these peaks, the &hellip;","og_url":"https:\/\/imefilmfest.com\/international-migration-&-environmental-film-festival\/on-the-ridges-of-solidarity\/","og_site_name":"International Migration &amp; Environmental Film Festival","article_publisher":"https:\/\/m.facebook.com\/imefilmfest\/","article_modified_time":"2023-03-21T05:13:33+00:00","og_image":[{"width":566,"height":800,"url":"https:\/\/imefilmfest.com\/wp-content\/uploads\/2023\/03\/On-The-Ridges-Of-Solidarity-1.jpeg","type":"image\/jpeg"}],"twitter_card":"summary_large_image","twitter_misc":{"Est. reading time":"2 minutes"},"schema":{"@context":"https:\/\/schema.org","@graph":[{"@type":"WebPage","@id":"https:\/\/imefilmfest.com\/international-migration-&-environmental-film-festival\/on-the-ridges-of-solidarity\/","url":"https:\/\/imefilmfest.com\/international-migration-&-environmental-film-festival\/on-the-ridges-of-solidarity\/","name":"On The Ridges Of Solidarity - International Migration &amp; Environmental Film Festival","isPartOf":{"@id":"https:\/\/imefilmfest.com\/international-migration-&-environmental-film-festival\/#website"},"primaryImageOfPage":{"@id":"https:\/\/imefilmfest.com\/international-migration-&-environmental-film-festival\/on-the-ridges-of-solidarity\/#primaryimage"},"image":{"@id":"https:\/\/imefilmfest.com\/international-migration-&-environmental-film-festival\/on-the-ridges-of-solidarity\/#primaryimage"},"thumbnailUrl":"https:\/\/imefilmfest.com\/wp-content\/uploads\/2023\/03\/On-The-Ridges-Of-Solidarity-1.jpeg","datePublished":"2023-03-19T19:50:10+00:00","dateModified":"2023-03-21T05:13:33+00:00","breadcrumb":{"@id":"https:\/\/imefilmfest.com\/international-migration-&-environmental-film-festival\/on-the-ridges-of-solidarity\/#breadcrumb"},"inLanguage":"en-US","potentialAction":[{"@type":"ReadAction","target":["https:\/\/imefilmfest.com\/international-migration-&-environmental-film-festival\/on-the-ridges-of-solidarity\/"]}]},{"@type":"ImageObject","inLanguage":"en-US","@id":"https:\/\/imefilmfest.com\/international-migration-&-environmental-film-festival\/on-the-ridges-of-solidarity\/#primaryimage","url":"https:\/\/imefilmfest.com\/wp-content\/uploads\/2023\/03\/On-The-Ridges-Of-Solidarity-1.jpeg","contentUrl":"https:\/\/imefilmfest.com\/wp-content\/uploads\/2023\/03\/On-The-Ridges-Of-Solidarity-1.jpeg","width":566,"height":800},{"@type":"BreadcrumbList","@id":"https:\/\/imefilmfest.com\/international-migration-&-environmental-film-festival\/on-the-ridges-of-solidarity\/#breadcrumb","itemListElement":[{"@type":"ListItem","position":1,"name":"Home","item":"https:\/\/imefilmfest.com\/international-migration-&-environmental-film-festival\/home\/"},{"@type":"ListItem","position":2,"name":"On The Ridges Of Solidarity"}]},{"@type":"WebSite","@id":"https:\/\/imefilmfest.com\/international-migration-&-environmental-film-festival\/#website","url":"https:\/\/imefilmfest.com\/international-migration-&-environmental-film-festival\/","name":"International Migration & Environmental Film Festival","description":"North America&#039;s Largest Film Festival on Migration and Environment Sustainability","publisher":{"@id":"https:\/\/imefilmfest.com\/international-migration-&-environmental-film-festival\/#organization"},"potentialAction":[{"@type":"SearchAction","target":{"@type":"EntryPoint","urlTemplate":"https:\/\/imefilmfest.com\/international-migration-&-environmental-film-festival\/?s={search_term_string}"},"query-input":"required name=search_term_string"}],"inLanguage":"en-US"},{"@type":"Organization","@id":"https:\/\/imefilmfest.com\/international-migration-&-environmental-film-festival\/#organization","name":"International Migration & Environmental Film Festival","url":"https:\/\/imefilmfest.com\/international-migration-&-environmental-film-festival\/","logo":{"@type":"ImageObject","inLanguage":"en-US","@id":"https:\/\/imefilmfest.com\/international-migration-&-environmental-film-festival\/#\/schema\/logo\/image\/","url":"https:\/\/imefilmfest.com\/wp-content\/uploads\/2021\/09\/IMEFF-i-1-scaled.jpg","contentUrl":"https:\/\/imefilmfest.com\/wp-content\/uploads\/2021\/09\/IMEFF-i-1-scaled.jpg","width":2560,"height":2560,"caption":"International Migration & Environmental Film Festival"},"image":{"@id":"https:\/\/imefilmfest.com\/international-migration-&-environmental-film-festival\/#\/schema\/logo\/image\/"},"sameAs":["https:\/\/m.facebook.com\/imefilmfest\/"]}]}},"_links":{"self":[{"href":"https:\/\/imefilmfest.com\/international-migration-&-environmental-film-festival\/wp-json\/wp\/v2\/pages\/1508","targetHints":{"allow":["GET"]}}],"collection":[{"href":"https:\/\/imefilmfest.com\/international-migration-&-environmental-film-festival\/wp-json\/wp\/v2\/pages"}],"about":[{"href":"https:\/\/imefilmfest.com\/international-migration-&-environmental-film-festival\/wp-json\/wp\/v2\/types\/page"}],"author":[{"embeddable":true,"href":"https:\/\/imefilmfest.com\/international-migration-&-environmental-film-festival\/wp-json\/wp\/v2\/users\/1"}],"replies":[{"embeddable":true,"href":"https:\/\/imefilmfest.com\/international-migration-&-environmental-film-festival\/wp-json\/wp\/v2\/comments?post=1508"}],"version-history":[{"count":2,"href":"https:\/\/imefilmfest.com\/international-migration-&-environmental-film-festival\/wp-json\/wp\/v2\/pages\/1508\/revisions"}],"predecessor-version":[{"id":1900,"href":"https:\/\/imefilmfest.com\/international-migration-&-environmental-film-festival\/wp-json\/wp\/v2\/pages\/1508\/revisions\/1900"}],"wp:featuredmedia":[{"embeddable":true,"href":"https:\/\/imefilmfest.com\/international-migration-&-environmental-film-festival\/wp-json\/wp\/v2\/media\/1211"}],"wp:attachment":[{"href":"https:\/\/imefilmfest.com\/international-migration-&-environmental-film-festival\/wp-json\/wp\/v2\/media?parent=1508"}],"curies":[{"name":"wp","href":"https:\/\/api.w.org\/{rel}","templated":true}]}}