{"id":2013,"date":"2023-03-21T09:26:13","date_gmt":"2023-03-21T09:26:13","guid":{"rendered":"https:\/\/imefilmfest.com\/international-migration-&#038;-environmental-film-festival\/?page_id=2013"},"modified":"2023-05-26T19:12:29","modified_gmt":"2023-05-26T19:12:29","slug":"the-pool-of-the-nobodies","status":"publish","type":"page","link":"https:\/\/imefilmfest.com\/international-migration-&-environmental-film-festival\/the-pool-of-the-nobodies\/","title":{"rendered":"The pool of the Nobodies"},"content":{"rendered":"\n<figure class=\"wp-block-image size-large is-resized\"><img fetchpriority=\"high\" decoding=\"async\" src=\"data:image\/gif;base64,R0lGODlhAQABAAAAACH5BAEKAAEALAAAAAABAAEAAAICTAEAOw==\" data-layzr=\"https:\/\/imefilmfest.com\/wp-content\/uploads\/2023\/05\/The-pool-of-the-Nobodies-1024x576.jpeg\" alt=\"\" class=\"wp-image-2855\" width=\"590\" height=\"331\"\/><\/figure>\n\n\n\n<h5 class=\"wp-block-heading\">Directed by<\/h5>\n\n\n\n<p>Jos\u00e9 Luis Sol\u00eds Olivares<\/p>\n\n\n\n<h5 class=\"wp-block-heading\">Country of Origin<\/h5>\n\n\n\n<p>Mexico<\/p>\n\n\n\n<h5 class=\"wp-block-heading\">Runtime<\/h5>\n\n\n\n<p>01:21:00<\/p>\n\n\n\n<h5 class=\"wp-block-heading\">Category<\/h5>\n\n\n\n<p><a href=\"javascript:void(0);\"><\/a>Feature Film<\/p>\n\n\n\n<p><\/p>\n\n\n\n<p>An indigenous migrant named Alex is put to the ultimate test, forced to enter the criminal underworld just to live another day. Anayeli, another indigenous migrant, struggles to save the life of her unborn son, as well as her own. They will both do unthinkable things to survive The Pool of the Nobodies.<\/p>\n\n\n\n<p><strong>Director Biography &#8211;&nbsp;Jos\u00e9 Luis Sol\u00eds Olivares<\/strong><\/p>\n\n\n\n\n\n<p>Film and theater director, screenwriter, and cultural promoter, alongside his academic development in the areas of humanities. He obtained a Master of Fine Arts at Tulane University and post graduate studies on digital filmmaking at University of California at Berkeley. His experience as film director and screenwriter have led him to develop and present his works in Australia, Alaska, Los Angeles, Barcelona, Bangladesh, Belize, Bogot\u00e1, Boston, Buenos Aires, Cartagena, Wales, Germany, Greece, Huesca, Huelva, India, Korea, Lisbon, Lyon, Madrid, Miami, Montreal, Moscow, San Antonio, San Diego, San Francisco, Saint Petersburg, Pakistan, Panama, Portugal, Rome, Toronto, Trinidad and Tobago, Switzerland, Salvador, Ukraine, as well as in the main cities of Mexico. He was awarded with numerous grants and fellows on artistic development included The National Endowment of the Arts of Mexico in three different periods. His first professional short \u201cTomorrow, I will\u201d was an official selection at Montreal, Los Angeles, Huelva, Cartagena, Monterrey, San Antonio, and Puebla. In the summer of 2015, he wrote and directed his first feature film \u201cGringo\u201d, the production was awarded with the State of Nuevo Leon Award for Best Screenplay and participated in more than 25 film festivals obtaining 5 international awards.<br>&#8212;&#8212;&#8212;<br>Acad\u00e9mico y artista interdisciplinario que se ha desarrollado como escritor, guionista, director teatral y cinematogr\u00e1fico. Tiene estudios de posgrado en direcci\u00f3n y dramaturgia en Tulane University y postdoctorales en cine digital en University of California at Berkeley. Acreedor de numerosas becas de desarrollo art\u00edstico a nivel nacional e internacional, presentando su trabajo como guionista y director cinematogr\u00e1fico en Alemania, Australia, Alaska, Los \u00c1ngeles, Bogot\u00e1, Buenos Aires, Cartagena, Gales, Grecia, Huesca, Huelva, Korea, Indonesia, Lisboa, Lyon, Madrid, Miami, Montreal, Mosc\u00fa, San Antonio, San Diego, San Francisco, San Petersburgo, Pakist\u00e1n, Panam\u00e1, Roma, Toronto, Trinidad y Tobago, Suiza, Salvador y Ucrania, as\u00ed como en las principales ciudades de M\u00e9xico. Su primer cortometraje profesional como guionista y director \u201cMA\u00d1ANA, S\u00ed\u201d fue selecci\u00f3n oficial de los festivales internacionales de Montreal, Los \u00c1ngeles, Huelva, Cartagena, San Antonio, Monterrey y Puebla, actualmente es miembro del Sistema Nacional de Creadores de Arte de M\u00e9xico en el \u00e1rea de guion cinematogr\u00e1fico. En 2016 estren\u00f3 su opera prima cinematogr\u00e1fica como guionista y director: \u201cGringo\u201d, la producci\u00f3n obtiene 5 premios internacionales, adem\u00e1s de presentarse en m\u00e1s de 30 festivales.<\/p>\n","protected":false},"excerpt":{"rendered":"<p>Directed by Jos\u00e9 Luis Sol\u00eds Olivares Country of Origin Mexico Runtime 01:21:00 Category Feature Film An indigenous migrant named Alex is put to the ultimate test, forced to enter the criminal underworld just to live another day. Anayeli, another indigenous migrant, struggles to save the life of her unborn son, as well as her own. &hellip; <\/p>\n","protected":false},"author":1,"featured_media":1323,"parent":0,"menu_order":0,"comment_status":"closed","ping_status":"closed","template":"","meta":{"pgc_sgb_lightbox_settings":"","footnotes":""},"class_list":["post-2013","page","type-page","status-publish","has-post-thumbnail","hentry","latest_post"],"yoast_head":"<!-- This site is optimized with the Yoast SEO plugin v23.1 - https:\/\/yoast.com\/wordpress\/plugins\/seo\/ -->\n<title>The pool of the Nobodies - International Migration &amp; Environmental Film Festival<\/title>\n<meta name=\"robots\" content=\"index, follow, max-snippet:-1, max-image-preview:large, max-video-preview:-1\" \/>\n<link rel=\"canonical\" href=\"https:\/\/imefilmfest.com\/international-migration-&-environmental-film-festival\/the-pool-of-the-nobodies\/\" \/>\n<meta property=\"og:locale\" content=\"en_US\" \/>\n<meta property=\"og:type\" content=\"article\" \/>\n<meta property=\"og:title\" content=\"The pool of the Nobodies - International Migration &amp; Environmental Film Festival\" \/>\n<meta property=\"og:description\" content=\"Directed by Jos\u00e9 Luis Sol\u00eds Olivares Country of Origin Mexico Runtime 01:21:00 Category Feature Film An indigenous migrant named Alex is put to the ultimate test, forced to enter the criminal underworld just to live another day. Anayeli, another indigenous migrant, struggles to save the life of her unborn son, as well as her own. &hellip;\" \/>\n<meta property=\"og:url\" content=\"https:\/\/imefilmfest.com\/international-migration-&amp;-environmental-film-festival\/the-pool-of-the-nobodies\/\" \/>\n<meta property=\"og:site_name\" content=\"International Migration &amp; Environmental Film Festival\" \/>\n<meta property=\"article:publisher\" content=\"https:\/\/m.facebook.com\/imefilmfest\/\" \/>\n<meta property=\"article:modified_time\" content=\"2023-05-26T19:12:29+00:00\" \/>\n<meta property=\"og:image\" content=\"https:\/\/imefilmfest.com\/wp-content\/uploads\/2023\/03\/The-pool-of-the-Nobodies.jpeg\" \/>\n\t<meta property=\"og:image:width\" content=\"535\" \/>\n\t<meta property=\"og:image:height\" content=\"800\" \/>\n\t<meta property=\"og:image:type\" content=\"image\/jpeg\" \/>\n<meta name=\"twitter:card\" content=\"summary_large_image\" \/>\n<meta name=\"twitter:label1\" content=\"Est. reading time\" \/>\n\t<meta name=\"twitter:data1\" content=\"2 minutes\" \/>\n<script type=\"application\/ld+json\" class=\"yoast-schema-graph\">{\"@context\":\"https:\/\/schema.org\",\"@graph\":[{\"@type\":\"WebPage\",\"@id\":\"https:\/\/imefilmfest.com\/international-migration-&-environmental-film-festival\/the-pool-of-the-nobodies\/\",\"url\":\"https:\/\/imefilmfest.com\/international-migration-&-environmental-film-festival\/the-pool-of-the-nobodies\/\",\"name\":\"The pool of the Nobodies - International Migration &amp; Environmental Film Festival\",\"isPartOf\":{\"@id\":\"https:\/\/imefilmfest.com\/international-migration-&-environmental-film-festival\/#website\"},\"primaryImageOfPage\":{\"@id\":\"https:\/\/imefilmfest.com\/international-migration-&-environmental-film-festival\/the-pool-of-the-nobodies\/#primaryimage\"},\"image\":{\"@id\":\"https:\/\/imefilmfest.com\/international-migration-&-environmental-film-festival\/the-pool-of-the-nobodies\/#primaryimage\"},\"thumbnailUrl\":\"https:\/\/imefilmfest.com\/wp-content\/uploads\/2023\/03\/The-pool-of-the-Nobodies.jpeg\",\"datePublished\":\"2023-03-21T09:26:13+00:00\",\"dateModified\":\"2023-05-26T19:12:29+00:00\",\"breadcrumb\":{\"@id\":\"https:\/\/imefilmfest.com\/international-migration-&-environmental-film-festival\/the-pool-of-the-nobodies\/#breadcrumb\"},\"inLanguage\":\"en-US\",\"potentialAction\":[{\"@type\":\"ReadAction\",\"target\":[\"https:\/\/imefilmfest.com\/international-migration-&-environmental-film-festival\/the-pool-of-the-nobodies\/\"]}]},{\"@type\":\"ImageObject\",\"inLanguage\":\"en-US\",\"@id\":\"https:\/\/imefilmfest.com\/international-migration-&-environmental-film-festival\/the-pool-of-the-nobodies\/#primaryimage\",\"url\":\"https:\/\/imefilmfest.com\/wp-content\/uploads\/2023\/03\/The-pool-of-the-Nobodies.jpeg\",\"contentUrl\":\"https:\/\/imefilmfest.com\/wp-content\/uploads\/2023\/03\/The-pool-of-the-Nobodies.jpeg\",\"width\":535,\"height\":800},{\"@type\":\"BreadcrumbList\",\"@id\":\"https:\/\/imefilmfest.com\/international-migration-&-environmental-film-festival\/the-pool-of-the-nobodies\/#breadcrumb\",\"itemListElement\":[{\"@type\":\"ListItem\",\"position\":1,\"name\":\"Home\",\"item\":\"https:\/\/imefilmfest.com\/international-migration-&-environmental-film-festival\/home\/\"},{\"@type\":\"ListItem\",\"position\":2,\"name\":\"The pool of the Nobodies\"}]},{\"@type\":\"WebSite\",\"@id\":\"https:\/\/imefilmfest.com\/international-migration-&-environmental-film-festival\/#website\",\"url\":\"https:\/\/imefilmfest.com\/international-migration-&-environmental-film-festival\/\",\"name\":\"International Migration & Environmental Film Festival\",\"description\":\"North America&#039;s Largest Film Festival on Migration and Environment Sustainability\",\"publisher\":{\"@id\":\"https:\/\/imefilmfest.com\/international-migration-&-environmental-film-festival\/#organization\"},\"potentialAction\":[{\"@type\":\"SearchAction\",\"target\":{\"@type\":\"EntryPoint\",\"urlTemplate\":\"https:\/\/imefilmfest.com\/international-migration-&-environmental-film-festival\/?s={search_term_string}\"},\"query-input\":\"required name=search_term_string\"}],\"inLanguage\":\"en-US\"},{\"@type\":\"Organization\",\"@id\":\"https:\/\/imefilmfest.com\/international-migration-&-environmental-film-festival\/#organization\",\"name\":\"International Migration & Environmental Film Festival\",\"url\":\"https:\/\/imefilmfest.com\/international-migration-&-environmental-film-festival\/\",\"logo\":{\"@type\":\"ImageObject\",\"inLanguage\":\"en-US\",\"@id\":\"https:\/\/imefilmfest.com\/international-migration-&-environmental-film-festival\/#\/schema\/logo\/image\/\",\"url\":\"https:\/\/imefilmfest.com\/wp-content\/uploads\/2021\/09\/IMEFF-i-1-scaled.jpg\",\"contentUrl\":\"https:\/\/imefilmfest.com\/wp-content\/uploads\/2021\/09\/IMEFF-i-1-scaled.jpg\",\"width\":2560,\"height\":2560,\"caption\":\"International Migration & Environmental Film Festival\"},\"image\":{\"@id\":\"https:\/\/imefilmfest.com\/international-migration-&-environmental-film-festival\/#\/schema\/logo\/image\/\"},\"sameAs\":[\"https:\/\/m.facebook.com\/imefilmfest\/\"]}]}<\/script>\n<!-- \/ Yoast SEO plugin. -->","yoast_head_json":{"title":"The pool of the Nobodies - International Migration &amp; Environmental Film Festival","robots":{"index":"index","follow":"follow","max-snippet":"max-snippet:-1","max-image-preview":"max-image-preview:large","max-video-preview":"max-video-preview:-1"},"canonical":"https:\/\/imefilmfest.com\/international-migration-&-environmental-film-festival\/the-pool-of-the-nobodies\/","og_locale":"en_US","og_type":"article","og_title":"The pool of the Nobodies - International Migration &amp; Environmental Film Festival","og_description":"Directed by Jos\u00e9 Luis Sol\u00eds Olivares Country of Origin Mexico Runtime 01:21:00 Category Feature Film An indigenous migrant named Alex is put to the ultimate test, forced to enter the criminal underworld just to live another day. Anayeli, another indigenous migrant, struggles to save the life of her unborn son, as well as her own. &hellip;","og_url":"https:\/\/imefilmfest.com\/international-migration-&-environmental-film-festival\/the-pool-of-the-nobodies\/","og_site_name":"International Migration &amp; Environmental Film Festival","article_publisher":"https:\/\/m.facebook.com\/imefilmfest\/","article_modified_time":"2023-05-26T19:12:29+00:00","og_image":[{"width":535,"height":800,"url":"https:\/\/imefilmfest.com\/wp-content\/uploads\/2023\/03\/The-pool-of-the-Nobodies.jpeg","type":"image\/jpeg"}],"twitter_card":"summary_large_image","twitter_misc":{"Est. reading time":"2 minutes"},"schema":{"@context":"https:\/\/schema.org","@graph":[{"@type":"WebPage","@id":"https:\/\/imefilmfest.com\/international-migration-&-environmental-film-festival\/the-pool-of-the-nobodies\/","url":"https:\/\/imefilmfest.com\/international-migration-&-environmental-film-festival\/the-pool-of-the-nobodies\/","name":"The pool of the Nobodies - International Migration &amp; Environmental Film Festival","isPartOf":{"@id":"https:\/\/imefilmfest.com\/international-migration-&-environmental-film-festival\/#website"},"primaryImageOfPage":{"@id":"https:\/\/imefilmfest.com\/international-migration-&-environmental-film-festival\/the-pool-of-the-nobodies\/#primaryimage"},"image":{"@id":"https:\/\/imefilmfest.com\/international-migration-&-environmental-film-festival\/the-pool-of-the-nobodies\/#primaryimage"},"thumbnailUrl":"https:\/\/imefilmfest.com\/wp-content\/uploads\/2023\/03\/The-pool-of-the-Nobodies.jpeg","datePublished":"2023-03-21T09:26:13+00:00","dateModified":"2023-05-26T19:12:29+00:00","breadcrumb":{"@id":"https:\/\/imefilmfest.com\/international-migration-&-environmental-film-festival\/the-pool-of-the-nobodies\/#breadcrumb"},"inLanguage":"en-US","potentialAction":[{"@type":"ReadAction","target":["https:\/\/imefilmfest.com\/international-migration-&-environmental-film-festival\/the-pool-of-the-nobodies\/"]}]},{"@type":"ImageObject","inLanguage":"en-US","@id":"https:\/\/imefilmfest.com\/international-migration-&-environmental-film-festival\/the-pool-of-the-nobodies\/#primaryimage","url":"https:\/\/imefilmfest.com\/wp-content\/uploads\/2023\/03\/The-pool-of-the-Nobodies.jpeg","contentUrl":"https:\/\/imefilmfest.com\/wp-content\/uploads\/2023\/03\/The-pool-of-the-Nobodies.jpeg","width":535,"height":800},{"@type":"BreadcrumbList","@id":"https:\/\/imefilmfest.com\/international-migration-&-environmental-film-festival\/the-pool-of-the-nobodies\/#breadcrumb","itemListElement":[{"@type":"ListItem","position":1,"name":"Home","item":"https:\/\/imefilmfest.com\/international-migration-&-environmental-film-festival\/home\/"},{"@type":"ListItem","position":2,"name":"The pool of the Nobodies"}]},{"@type":"WebSite","@id":"https:\/\/imefilmfest.com\/international-migration-&-environmental-film-festival\/#website","url":"https:\/\/imefilmfest.com\/international-migration-&-environmental-film-festival\/","name":"International Migration & Environmental Film Festival","description":"North America&#039;s Largest Film Festival on Migration and Environment Sustainability","publisher":{"@id":"https:\/\/imefilmfest.com\/international-migration-&-environmental-film-festival\/#organization"},"potentialAction":[{"@type":"SearchAction","target":{"@type":"EntryPoint","urlTemplate":"https:\/\/imefilmfest.com\/international-migration-&-environmental-film-festival\/?s={search_term_string}"},"query-input":"required name=search_term_string"}],"inLanguage":"en-US"},{"@type":"Organization","@id":"https:\/\/imefilmfest.com\/international-migration-&-environmental-film-festival\/#organization","name":"International Migration & Environmental Film Festival","url":"https:\/\/imefilmfest.com\/international-migration-&-environmental-film-festival\/","logo":{"@type":"ImageObject","inLanguage":"en-US","@id":"https:\/\/imefilmfest.com\/international-migration-&-environmental-film-festival\/#\/schema\/logo\/image\/","url":"https:\/\/imefilmfest.com\/wp-content\/uploads\/2021\/09\/IMEFF-i-1-scaled.jpg","contentUrl":"https:\/\/imefilmfest.com\/wp-content\/uploads\/2021\/09\/IMEFF-i-1-scaled.jpg","width":2560,"height":2560,"caption":"International Migration & Environmental Film Festival"},"image":{"@id":"https:\/\/imefilmfest.com\/international-migration-&-environmental-film-festival\/#\/schema\/logo\/image\/"},"sameAs":["https:\/\/m.facebook.com\/imefilmfest\/"]}]}},"_links":{"self":[{"href":"https:\/\/imefilmfest.com\/international-migration-&-environmental-film-festival\/wp-json\/wp\/v2\/pages\/2013","targetHints":{"allow":["GET"]}}],"collection":[{"href":"https:\/\/imefilmfest.com\/international-migration-&-environmental-film-festival\/wp-json\/wp\/v2\/pages"}],"about":[{"href":"https:\/\/imefilmfest.com\/international-migration-&-environmental-film-festival\/wp-json\/wp\/v2\/types\/page"}],"author":[{"embeddable":true,"href":"https:\/\/imefilmfest.com\/international-migration-&-environmental-film-festival\/wp-json\/wp\/v2\/users\/1"}],"replies":[{"embeddable":true,"href":"https:\/\/imefilmfest.com\/international-migration-&-environmental-film-festival\/wp-json\/wp\/v2\/comments?post=2013"}],"version-history":[{"count":3,"href":"https:\/\/imefilmfest.com\/international-migration-&-environmental-film-festival\/wp-json\/wp\/v2\/pages\/2013\/revisions"}],"predecessor-version":[{"id":2856,"href":"https:\/\/imefilmfest.com\/international-migration-&-environmental-film-festival\/wp-json\/wp\/v2\/pages\/2013\/revisions\/2856"}],"wp:featuredmedia":[{"embeddable":true,"href":"https:\/\/imefilmfest.com\/international-migration-&-environmental-film-festival\/wp-json\/wp\/v2\/media\/1323"}],"wp:attachment":[{"href":"https:\/\/imefilmfest.com\/international-migration-&-environmental-film-festival\/wp-json\/wp\/v2\/media?parent=2013"}],"curies":[{"name":"wp","href":"https:\/\/api.w.org\/{rel}","templated":true}]}}