{"id":801,"date":"2021-09-06T08:50:34","date_gmt":"2021-09-06T08:50:34","guid":{"rendered":"https:\/\/imefilmfest.com\/international-migration-environmental-film-festival\/?page_id=801"},"modified":"2021-09-06T08:50:35","modified_gmt":"2021-09-06T08:50:35","slug":"imeff-2021-official-selection-requiem-for-portuguese-forests-by-martina-videnova","status":"publish","type":"page","link":"https:\/\/imefilmfest.com\/international-migration-&-environmental-film-festival\/imeff-2021-official-selection-requiem-for-portuguese-forests-by-martina-videnova\/","title":{"rendered":"Requiem for Portuguese Forests"},"content":{"rendered":"\n<figure class=\"wp-block-image size-full is-resized\"><img fetchpriority=\"high\" decoding=\"async\" src=\"data:image\/gif;base64,R0lGODlhAQABAAAAACH5BAEKAAEALAAAAAABAAEAAAICTAEAOw==\" data-layzr=\"https:\/\/imefilmfest.com\/wp-content\/uploads\/2021\/09\/Requiem-for-Portuguese-Forests-poster.jpeg\" alt=\"\" class=\"wp-image-440\" width=\"458\" height=\"458\"\/><\/figure>\n\n\n\n<h5 class=\"wp-block-heading\">Directed by<\/h5>\n\n\n\n<p>Martina V\u00eddenov\u00e1<\/p>\n\n\n\n<h5 class=\"wp-block-heading\">Country of Origin<\/h5>\n\n\n\n<p>Portugal<\/p>\n\n\n\n<h5 class=\"wp-block-heading\">Runtime<\/h5>\n\n\n\n<p>11:17<\/p>\n\n\n\n<p>It is encouraging that forest fires have been receiving more media attention. However, large areas of forest keep burning in many places around the planet, which the media ignore.<\/p>\n\n\n\n<p>The climate crisis is not always the main cause of the high number of such fires.<\/p>\n\n\n\n<p>Since the end of the 1980s, Portugal has usually been ranked first when it comes to statistics on the number of forest fires in Europe. In 2017 alone, a sixth of all forested areas there burnt down, which represented about 60% of all the territory lost to fires in the EU that year, and more than a hundred people died in local forest fires. Most forest fires in Portugal are started intentionally. Another major problem for Portugal is the eucalyptus, an invasive and highly inflammable tree, which has been widely planted since the 1980s due to its profitability in the pulp and paper industry; eucalyptus monoculture causes forest fires to spread quickly and uncontrollably. Providing information and ending passivity is essential to solving the wildfire problem in Portugal.This video was recorded in Pinhal de Leiria (Portugal) to honor the memory of the forest fire victims, as of all ecosystems destroyed annually by fires.<\/p>\n\n\n\n<p>This video was recorded in Pinhal de Leiria (Portugal) to honor the memory of the forest fire victims, as of all ecosystems destroyed annually by fires.<\/p>\n\n\n\n<p>Conductor: Jan Wierzba<br>Orchestra: mainly members of Orquestra Sinf\u00f3nica do Porto Casa da M\u00fasica<br>Choir: mainly members of Coro Casa da M\u00fasica<\/p>\n\n\n\n<p><strong>Director Biography &#8211;\u00a0Martina V\u00eddenov\u00e1<\/strong><a href=\"https:\/\/storage.googleapis.com\/ff-storage-p01\/press_kits\/headshots\/001\/614\/014\/original\/c83bb92afa-headshot.jpg?1595235694\"><\/a><\/p>\n\n\n\n<p>Martina V\u00eddenov\u00e1 (*1985) is a film music composer and a musicologist living and working in Prague. Her compositions are rooted in contemporary classical music, especially minimalism which often combines with electronic and ambient music. As a composer, she participates in multimedia projects cooperating with filmmakers, visual and conceptual artists. She has cooperated on long-term basis with Vladim\u00edr Turner, a documentarist and activist whose work is related to political activism and art interventions in the public space. Martina has concentrated mainly on projects focused on environmental issues.<\/p>\n","protected":false},"excerpt":{"rendered":"<p>Directed by Martina V\u00eddenov\u00e1 Country of Origin Portugal Runtime 11:17 It is encouraging that forest fires have been receiving more media attention. However, large areas of forest keep burning in many places around the planet, which the media ignore. The climate crisis is not always the main cause of the high number of such fires. &hellip; <\/p>\n","protected":false},"author":1,"featured_media":0,"parent":0,"menu_order":0,"comment_status":"closed","ping_status":"closed","template":"","meta":{"pgc_sgb_lightbox_settings":"","footnotes":""},"class_list":["post-801","page","type-page","status-publish","hentry","latest_post"],"yoast_head":"<!-- This site is optimized with the Yoast SEO plugin v23.1 - https:\/\/yoast.com\/wordpress\/plugins\/seo\/ -->\n<title>Official Selection- Requiem for Portuguese Forests by Martina V\u00eddenov\u00e1<\/title>\n<meta name=\"description\" content=\"t forest fires have been receiving more media attention. However, large areas of forest keep burning in many places around the planet,.\" \/>\n<meta name=\"robots\" content=\"index, follow, max-snippet:-1, max-image-preview:large, max-video-preview:-1\" \/>\n<link rel=\"canonical\" href=\"https:\/\/imefilmfest.com\/international-migration-&-environmental-film-festival\/imeff-2021-official-selection-requiem-for-portuguese-forests-by-martina-videnova\/\" \/>\n<meta property=\"og:locale\" content=\"en_US\" \/>\n<meta property=\"og:type\" content=\"article\" \/>\n<meta property=\"og:title\" content=\"Official Selection- Requiem for Portuguese Forests by Martina V\u00eddenov\u00e1\" \/>\n<meta property=\"og:description\" content=\"t forest fires have been receiving more media attention. However, large areas of forest keep burning in many places around the planet,.\" \/>\n<meta property=\"og:url\" content=\"https:\/\/imefilmfest.com\/international-migration-&amp;-environmental-film-festival\/imeff-2021-official-selection-requiem-for-portuguese-forests-by-martina-videnova\/\" \/>\n<meta property=\"og:site_name\" content=\"International Migration &amp; Environmental Film Festival\" \/>\n<meta property=\"article:publisher\" content=\"https:\/\/m.facebook.com\/imefilmfest\/\" \/>\n<meta property=\"article:modified_time\" content=\"2021-09-06T08:50:35+00:00\" \/>\n<meta property=\"og:image\" content=\"https:\/\/imefilmfest.com\/wp-content\/uploads\/2021\/09\/Requiem-for-Portuguese-Forests-poster.jpeg\" \/>\n<meta name=\"twitter:card\" content=\"summary_large_image\" \/>\n<meta name=\"twitter:label1\" content=\"Est. reading time\" \/>\n\t<meta name=\"twitter:data1\" content=\"2 minutes\" \/>\n<script type=\"application\/ld+json\" class=\"yoast-schema-graph\">{\"@context\":\"https:\/\/schema.org\",\"@graph\":[{\"@type\":\"WebPage\",\"@id\":\"https:\/\/imefilmfest.com\/international-migration-&-environmental-film-festival\/imeff-2021-official-selection-requiem-for-portuguese-forests-by-martina-videnova\/\",\"url\":\"https:\/\/imefilmfest.com\/international-migration-&-environmental-film-festival\/imeff-2021-official-selection-requiem-for-portuguese-forests-by-martina-videnova\/\",\"name\":\"Official Selection- Requiem for Portuguese Forests by Martina V\u00eddenov\u00e1\",\"isPartOf\":{\"@id\":\"https:\/\/imefilmfest.com\/international-migration-&-environmental-film-festival\/#website\"},\"primaryImageOfPage\":{\"@id\":\"https:\/\/imefilmfest.com\/international-migration-&-environmental-film-festival\/imeff-2021-official-selection-requiem-for-portuguese-forests-by-martina-videnova\/#primaryimage\"},\"image\":{\"@id\":\"https:\/\/imefilmfest.com\/international-migration-&-environmental-film-festival\/imeff-2021-official-selection-requiem-for-portuguese-forests-by-martina-videnova\/#primaryimage\"},\"thumbnailUrl\":\"https:\/\/imefilmfest.com\/wp-content\/uploads\/2021\/09\/Requiem-for-Portuguese-Forests-poster.jpeg\",\"datePublished\":\"2021-09-06T08:50:34+00:00\",\"dateModified\":\"2021-09-06T08:50:35+00:00\",\"description\":\"t forest fires have been receiving more media attention. However, large areas of forest keep burning in many places around the planet,.\",\"breadcrumb\":{\"@id\":\"https:\/\/imefilmfest.com\/international-migration-&-environmental-film-festival\/imeff-2021-official-selection-requiem-for-portuguese-forests-by-martina-videnova\/#breadcrumb\"},\"inLanguage\":\"en-US\",\"potentialAction\":[{\"@type\":\"ReadAction\",\"target\":[\"https:\/\/imefilmfest.com\/international-migration-&-environmental-film-festival\/imeff-2021-official-selection-requiem-for-portuguese-forests-by-martina-videnova\/\"]}]},{\"@type\":\"ImageObject\",\"inLanguage\":\"en-US\",\"@id\":\"https:\/\/imefilmfest.com\/international-migration-&-environmental-film-festival\/imeff-2021-official-selection-requiem-for-portuguese-forests-by-martina-videnova\/#primaryimage\",\"url\":\"https:\/\/imefilmfest.com\/wp-content\/uploads\/2021\/09\/Requiem-for-Portuguese-Forests-poster.jpeg\",\"contentUrl\":\"https:\/\/imefilmfest.com\/wp-content\/uploads\/2021\/09\/Requiem-for-Portuguese-Forests-poster.jpeg\"},{\"@type\":\"BreadcrumbList\",\"@id\":\"https:\/\/imefilmfest.com\/international-migration-&-environmental-film-festival\/imeff-2021-official-selection-requiem-for-portuguese-forests-by-martina-videnova\/#breadcrumb\",\"itemListElement\":[{\"@type\":\"ListItem\",\"position\":1,\"name\":\"Home\",\"item\":\"https:\/\/imefilmfest.com\/international-migration-&-environmental-film-festival\/home\/\"},{\"@type\":\"ListItem\",\"position\":2,\"name\":\"Requiem for Portuguese Forests\"}]},{\"@type\":\"WebSite\",\"@id\":\"https:\/\/imefilmfest.com\/international-migration-&-environmental-film-festival\/#website\",\"url\":\"https:\/\/imefilmfest.com\/international-migration-&-environmental-film-festival\/\",\"name\":\"International Migration & Environmental Film Festival\",\"description\":\"North America&#039;s Largest Film Festival on Migration and Environment Sustainability\",\"publisher\":{\"@id\":\"https:\/\/imefilmfest.com\/international-migration-&-environmental-film-festival\/#organization\"},\"potentialAction\":[{\"@type\":\"SearchAction\",\"target\":{\"@type\":\"EntryPoint\",\"urlTemplate\":\"https:\/\/imefilmfest.com\/international-migration-&-environmental-film-festival\/?s={search_term_string}\"},\"query-input\":\"required name=search_term_string\"}],\"inLanguage\":\"en-US\"},{\"@type\":\"Organization\",\"@id\":\"https:\/\/imefilmfest.com\/international-migration-&-environmental-film-festival\/#organization\",\"name\":\"International Migration & Environmental Film Festival\",\"url\":\"https:\/\/imefilmfest.com\/international-migration-&-environmental-film-festival\/\",\"logo\":{\"@type\":\"ImageObject\",\"inLanguage\":\"en-US\",\"@id\":\"https:\/\/imefilmfest.com\/international-migration-&-environmental-film-festival\/#\/schema\/logo\/image\/\",\"url\":\"https:\/\/imefilmfest.com\/wp-content\/uploads\/2021\/09\/IMEFF-i-1-scaled.jpg\",\"contentUrl\":\"https:\/\/imefilmfest.com\/wp-content\/uploads\/2021\/09\/IMEFF-i-1-scaled.jpg\",\"width\":2560,\"height\":2560,\"caption\":\"International Migration & Environmental Film Festival\"},\"image\":{\"@id\":\"https:\/\/imefilmfest.com\/international-migration-&-environmental-film-festival\/#\/schema\/logo\/image\/\"},\"sameAs\":[\"https:\/\/m.facebook.com\/imefilmfest\/\"]}]}<\/script>\n<!-- \/ Yoast SEO plugin. -->","yoast_head_json":{"title":"Official Selection- Requiem for Portuguese Forests by Martina V\u00eddenov\u00e1","description":"t forest fires have been receiving more media attention. However, large areas of forest keep burning in many places around the planet,.","robots":{"index":"index","follow":"follow","max-snippet":"max-snippet:-1","max-image-preview":"max-image-preview:large","max-video-preview":"max-video-preview:-1"},"canonical":"https:\/\/imefilmfest.com\/international-migration-&-environmental-film-festival\/imeff-2021-official-selection-requiem-for-portuguese-forests-by-martina-videnova\/","og_locale":"en_US","og_type":"article","og_title":"Official Selection- Requiem for Portuguese Forests by Martina V\u00eddenov\u00e1","og_description":"t forest fires have been receiving more media attention. However, large areas of forest keep burning in many places around the planet,.","og_url":"https:\/\/imefilmfest.com\/international-migration-&-environmental-film-festival\/imeff-2021-official-selection-requiem-for-portuguese-forests-by-martina-videnova\/","og_site_name":"International Migration &amp; Environmental Film Festival","article_publisher":"https:\/\/m.facebook.com\/imefilmfest\/","article_modified_time":"2021-09-06T08:50:35+00:00","og_image":[{"url":"https:\/\/imefilmfest.com\/wp-content\/uploads\/2021\/09\/Requiem-for-Portuguese-Forests-poster.jpeg"}],"twitter_card":"summary_large_image","twitter_misc":{"Est. reading time":"2 minutes"},"schema":{"@context":"https:\/\/schema.org","@graph":[{"@type":"WebPage","@id":"https:\/\/imefilmfest.com\/international-migration-&-environmental-film-festival\/imeff-2021-official-selection-requiem-for-portuguese-forests-by-martina-videnova\/","url":"https:\/\/imefilmfest.com\/international-migration-&-environmental-film-festival\/imeff-2021-official-selection-requiem-for-portuguese-forests-by-martina-videnova\/","name":"Official Selection- Requiem for Portuguese Forests by Martina V\u00eddenov\u00e1","isPartOf":{"@id":"https:\/\/imefilmfest.com\/international-migration-&-environmental-film-festival\/#website"},"primaryImageOfPage":{"@id":"https:\/\/imefilmfest.com\/international-migration-&-environmental-film-festival\/imeff-2021-official-selection-requiem-for-portuguese-forests-by-martina-videnova\/#primaryimage"},"image":{"@id":"https:\/\/imefilmfest.com\/international-migration-&-environmental-film-festival\/imeff-2021-official-selection-requiem-for-portuguese-forests-by-martina-videnova\/#primaryimage"},"thumbnailUrl":"https:\/\/imefilmfest.com\/wp-content\/uploads\/2021\/09\/Requiem-for-Portuguese-Forests-poster.jpeg","datePublished":"2021-09-06T08:50:34+00:00","dateModified":"2021-09-06T08:50:35+00:00","description":"t forest fires have been receiving more media attention. However, large areas of forest keep burning in many places around the planet,.","breadcrumb":{"@id":"https:\/\/imefilmfest.com\/international-migration-&-environmental-film-festival\/imeff-2021-official-selection-requiem-for-portuguese-forests-by-martina-videnova\/#breadcrumb"},"inLanguage":"en-US","potentialAction":[{"@type":"ReadAction","target":["https:\/\/imefilmfest.com\/international-migration-&-environmental-film-festival\/imeff-2021-official-selection-requiem-for-portuguese-forests-by-martina-videnova\/"]}]},{"@type":"ImageObject","inLanguage":"en-US","@id":"https:\/\/imefilmfest.com\/international-migration-&-environmental-film-festival\/imeff-2021-official-selection-requiem-for-portuguese-forests-by-martina-videnova\/#primaryimage","url":"https:\/\/imefilmfest.com\/wp-content\/uploads\/2021\/09\/Requiem-for-Portuguese-Forests-poster.jpeg","contentUrl":"https:\/\/imefilmfest.com\/wp-content\/uploads\/2021\/09\/Requiem-for-Portuguese-Forests-poster.jpeg"},{"@type":"BreadcrumbList","@id":"https:\/\/imefilmfest.com\/international-migration-&-environmental-film-festival\/imeff-2021-official-selection-requiem-for-portuguese-forests-by-martina-videnova\/#breadcrumb","itemListElement":[{"@type":"ListItem","position":1,"name":"Home","item":"https:\/\/imefilmfest.com\/international-migration-&-environmental-film-festival\/home\/"},{"@type":"ListItem","position":2,"name":"Requiem for Portuguese Forests"}]},{"@type":"WebSite","@id":"https:\/\/imefilmfest.com\/international-migration-&-environmental-film-festival\/#website","url":"https:\/\/imefilmfest.com\/international-migration-&-environmental-film-festival\/","name":"International Migration & Environmental Film Festival","description":"North America&#039;s Largest Film Festival on Migration and Environment Sustainability","publisher":{"@id":"https:\/\/imefilmfest.com\/international-migration-&-environmental-film-festival\/#organization"},"potentialAction":[{"@type":"SearchAction","target":{"@type":"EntryPoint","urlTemplate":"https:\/\/imefilmfest.com\/international-migration-&-environmental-film-festival\/?s={search_term_string}"},"query-input":"required name=search_term_string"}],"inLanguage":"en-US"},{"@type":"Organization","@id":"https:\/\/imefilmfest.com\/international-migration-&-environmental-film-festival\/#organization","name":"International Migration & Environmental Film Festival","url":"https:\/\/imefilmfest.com\/international-migration-&-environmental-film-festival\/","logo":{"@type":"ImageObject","inLanguage":"en-US","@id":"https:\/\/imefilmfest.com\/international-migration-&-environmental-film-festival\/#\/schema\/logo\/image\/","url":"https:\/\/imefilmfest.com\/wp-content\/uploads\/2021\/09\/IMEFF-i-1-scaled.jpg","contentUrl":"https:\/\/imefilmfest.com\/wp-content\/uploads\/2021\/09\/IMEFF-i-1-scaled.jpg","width":2560,"height":2560,"caption":"International Migration & Environmental Film Festival"},"image":{"@id":"https:\/\/imefilmfest.com\/international-migration-&-environmental-film-festival\/#\/schema\/logo\/image\/"},"sameAs":["https:\/\/m.facebook.com\/imefilmfest\/"]}]}},"_links":{"self":[{"href":"https:\/\/imefilmfest.com\/international-migration-&-environmental-film-festival\/wp-json\/wp\/v2\/pages\/801","targetHints":{"allow":["GET"]}}],"collection":[{"href":"https:\/\/imefilmfest.com\/international-migration-&-environmental-film-festival\/wp-json\/wp\/v2\/pages"}],"about":[{"href":"https:\/\/imefilmfest.com\/international-migration-&-environmental-film-festival\/wp-json\/wp\/v2\/types\/page"}],"author":[{"embeddable":true,"href":"https:\/\/imefilmfest.com\/international-migration-&-environmental-film-festival\/wp-json\/wp\/v2\/users\/1"}],"replies":[{"embeddable":true,"href":"https:\/\/imefilmfest.com\/international-migration-&-environmental-film-festival\/wp-json\/wp\/v2\/comments?post=801"}],"version-history":[{"count":1,"href":"https:\/\/imefilmfest.com\/international-migration-&-environmental-film-festival\/wp-json\/wp\/v2\/pages\/801\/revisions"}],"predecessor-version":[{"id":802,"href":"https:\/\/imefilmfest.com\/international-migration-&-environmental-film-festival\/wp-json\/wp\/v2\/pages\/801\/revisions\/802"}],"wp:attachment":[{"href":"https:\/\/imefilmfest.com\/international-migration-&-environmental-film-festival\/wp-json\/wp\/v2\/media?parent=801"}],"curies":[{"name":"wp","href":"https:\/\/api.w.org\/{rel}","templated":true}]}}